{"id":119,"date":"2024-06-12T22:19:45","date_gmt":"2024-06-12T22:19:45","guid":{"rendered":"http:\/\/indev.storyteller.lu\/?page_id=119"},"modified":"2024-10-11T22:20:24","modified_gmt":"2024-10-11T22:20:24","slug":"notre-service","status":"publish","type":"page","link":"https:\/\/indev.storyteller.lu\/?page_id=119","title":{"rendered":"notre service"},"content":{"rendered":"\t\t<div data-elementor-type=\"wp-page\" data-elementor-id=\"119\" class=\"elementor elementor-119\" data-elementor-post-type=\"page\">\n\t\t\t\t<div class=\"elementor-element elementor-element-191c8ce e-con-full e-flex e-con e-parent\" data-id=\"191c8ce\" data-element_type=\"container\" data-settings=\"{&quot;background_background&quot;:&quot;classic&quot;}\">\n\t\t\t\t<\/div>\n\t\t<div class=\"elementor-element elementor-element-e2a0242 e-flex e-con-boxed e-con e-parent\" data-id=\"e2a0242\" data-element_type=\"container\">\n\t\t\t\t\t<div class=\"e-con-inner\">\n\t\t<div class=\"elementor-element elementor-element-273122c e-con-full e-flex e-con e-child\" data-id=\"273122c\" data-element_type=\"container\">\n\t\t\t\t<div class=\"elementor-element elementor-element-cce9828 elementor-widget elementor-widget-heading\" data-id=\"cce9828\" data-element_type=\"widget\" data-widget_type=\"heading.default\">\n\t\t\t\t<div class=\"elementor-widget-container\">\n\t\t\t<h1 class=\"elementor-heading-title elementor-size-default\">un Accompagnement<br> tout au long de <br>votre projet<\/h1>\t\t<\/div>\n\t\t\t\t<\/div>\n\t\t\t\t<\/div>\n\t\t<div class=\"elementor-element elementor-element-fb5b7f3 e-con-full e-flex e-con e-child\" data-id=\"fb5b7f3\" data-element_type=\"container\">\n\t\t\t\t<\/div>\n\t\t<div class=\"elementor-element elementor-element-50ee790 e-con-full e-flex e-con e-child\" data-id=\"50ee790\" data-element_type=\"container\">\n\t\t\t\t<div class=\"elementor-element elementor-element-50ac8cf elementor-widget elementor-widget-text-editor\" data-id=\"50ac8cf\" data-element_type=\"widget\" data-widget_type=\"text-editor.default\">\n\t\t\t\t<div class=\"elementor-widget-container\">\n\t\t\t\t\t\t\t<p>Nous sommes \u00e0 l\u2019\u00e9coute de vos id\u00e9es et de vos envies. Nous valorisons une approche collaborative o\u00f9 nous discutons de vos objectifs. Nous souhaitons r\u00e9aliser une vid\u00e9o qui concr\u00e9tise vos id\u00e9es et d\u00e9passe vos attentes, cr\u00e9ant ainsi du contenu vid\u00e9o qui vous distingue sur les r\u00e9seaux sociaux.<br \/><br \/>Notre vid\u00e9aste se d\u00e9place o\u00f9 vous souhaitez. Le jour du tournage, il travail en collaboration avec vos \u00e9quipes afin de r\u00e9aliser le contenu n\u00e9cessaire \u00e0 la r\u00e9alisation de vos vid\u00e9os.<\/p>\t\t\t\t\t\t<\/div>\n\t\t\t\t<\/div>\n\t\t\t\t<\/div>\n\t\t\t\t\t<\/div>\n\t\t\t\t<\/div>\n\t\t<div class=\"elementor-element elementor-element-1c14869 e-con-full e-flex e-con e-parent\" data-id=\"1c14869\" data-element_type=\"container\" data-settings=\"{&quot;background_background&quot;:&quot;classic&quot;}\">\n\t\t\t\t<div class=\"elementor-element elementor-element-17dc41f elementor-widget elementor-widget-text-editor\" data-id=\"17dc41f\" data-element_type=\"widget\" data-widget_type=\"text-editor.default\">\n\t\t\t\t<div class=\"elementor-widget-container\">\n\t\t\t\t\t\t\t<p>faisons de notre video, <br \/>votre strat\u00e9gie marketing.<\/p>\t\t\t\t\t\t<\/div>\n\t\t\t\t<\/div>\n\t\t\t\t<div class=\"elementor-element elementor-element-c251d68 elementor-align-center elementor-widget elementor-widget-button\" data-id=\"c251d68\" data-element_type=\"widget\" data-widget_type=\"button.default\">\n\t\t\t\t<div class=\"elementor-widget-container\">\n\t\t\t\t\t<div class=\"elementor-button-wrapper\">\n\t\t\t<a class=\"elementor-button elementor-button-link elementor-size-sm\" href=\"https:\/\/indev.storyteller.lu\/?page_id=130\">\n\t\t\t\t\t\t<span class=\"elementor-button-content-wrapper\">\n\t\t\t\t\t\t\t\t\t<span class=\"elementor-button-text\">NOS DERNI\u00c8RES R\u00c9ALISATIONS<\/span>\n\t\t\t\t\t<\/span>\n\t\t\t\t\t<\/a>\n\t\t<\/div>\n\t\t\t\t<\/div>\n\t\t\t\t<\/div>\n\t\t\t\t<\/div>\n\t\t<div class=\"elementor-element elementor-element-49ed27d e-flex e-con-boxed e-con e-parent\" data-id=\"49ed27d\" data-element_type=\"container\">\n\t\t\t\t\t<div class=\"e-con-inner\">\n\t\t<div class=\"elementor-element elementor-element-8f1e179 e-con-full e-flex e-con e-child\" data-id=\"8f1e179\" data-element_type=\"container\">\n\t\t\t\t<div class=\"elementor-element elementor-element-3b34307 elementor-widget__width-initial elementor-widget elementor-widget-heading\" data-id=\"3b34307\" data-element_type=\"widget\" data-widget_type=\"heading.default\">\n\t\t\t\t<div class=\"elementor-widget-container\">\n\t\t\t<h1 class=\"elementor-heading-title elementor-size-default\">d\u00e9terminer le format souhait\u00e9<\/h1>\t\t<\/div>\n\t\t\t\t<\/div>\n\t\t\t\t<div class=\"elementor-element elementor-element-5977675 elementor-widget elementor-widget-text-editor\" data-id=\"5977675\" data-element_type=\"widget\" data-widget_type=\"text-editor.default\">\n\t\t\t\t<div class=\"elementor-widget-container\">\n\t\t\t\t\t\t\t<p>Selon la plateforme de diffusion de votre vid\u00e9o, nous adaptons la prise de vue et le format de la vid\u00e9o. Pour un contenu visant \u00e0 \u00eatre publi\u00e9 en story ou en r\u00e9el sur Instagram, le format recommand\u00e9 est en portrait (1080x1920px). PourYoutube ou votre site internet, nous vous recommandons le format paysage. Nous pouvons \u00e9galement vous fournir plusieurs types de formats selon vos besoins.<\/p>\t\t\t\t\t\t<\/div>\n\t\t\t\t<\/div>\n\t\t\t\t<\/div>\n\t\t<div class=\"elementor-element elementor-element-d3b04ed e-con-full e-flex e-con e-child\" data-id=\"d3b04ed\" data-element_type=\"container\" data-settings=\"{&quot;background_background&quot;:&quot;classic&quot;}\">\n\t\t\t\t<\/div>\n\t\t<div class=\"elementor-element elementor-element-c4fc9b9 e-con-full e-flex e-con e-child\" data-id=\"c4fc9b9\" data-element_type=\"container\">\n\t\t\t\t<div class=\"elementor-element elementor-element-57aae37 elementor-widget__width-initial elementor-widget elementor-widget-heading\" data-id=\"57aae37\" data-element_type=\"widget\" data-widget_type=\"heading.default\">\n\t\t\t\t<div class=\"elementor-widget-container\">\n\t\t\t<h1 class=\"elementor-heading-title elementor-size-default\">etablir des Objectifs \npr\u00e9cis\n<\/h1>\t\t<\/div>\n\t\t\t\t<\/div>\n\t\t\t\t<div class=\"elementor-element elementor-element-5425299 elementor-widget elementor-widget-text-editor\" data-id=\"5425299\" data-element_type=\"widget\" data-widget_type=\"text-editor.default\">\n\t\t\t\t<div class=\"elementor-widget-container\">\n\t\t\t\t\t\t\t<p>D\u00e9finissions ensemble vos objectifs : mettre en avant votre dernier produit, pr\u00e9senter votre atelier ou encore partager une astuce \u00e0 votre communaut\u00e9. Il existe plein de possibilit\u00e9 pour cr\u00e9er du contenu attractif sur les r\u00e9seaux sociaux. Nous discutons ensemble des id\u00e9es afin de trouver diff\u00e9rents sc\u00e9narios \u00e0 r\u00e9aliser.<\/p>\t\t\t\t\t\t<\/div>\n\t\t\t\t<\/div>\n\t\t\t\t<\/div>\n\t\t\t\t\t<\/div>\n\t\t\t\t<\/div>\n\t\t<div class=\"elementor-element elementor-element-8613380 e-con-full e-flex e-con e-parent\" data-id=\"8613380\" data-element_type=\"container\" data-settings=\"{&quot;background_background&quot;:&quot;classic&quot;}\">\n\t\t<div class=\"elementor-element elementor-element-6969106 e-con-full e-flex e-con e-child\" data-id=\"6969106\" data-element_type=\"container\">\n\t\t\t\t<div class=\"elementor-element elementor-element-3f2ab00 elementor-widget__width-initial elementor-widget elementor-widget-heading\" data-id=\"3f2ab00\" data-element_type=\"widget\" data-widget_type=\"heading.default\">\n\t\t\t\t<div class=\"elementor-widget-container\">\n\t\t\t<h1 class=\"elementor-heading-title elementor-size-default\">la musique : <br>\nun \u00e9l\u00e9ment a choisir attentivement<\/h1>\t\t<\/div>\n\t\t\t\t<\/div>\n\t\t\t\t<\/div>\n\t\t<div class=\"elementor-element elementor-element-8767156 e-con-full e-flex e-con e-child\" data-id=\"8767156\" data-element_type=\"container\">\n\t\t\t\t<div class=\"elementor-element elementor-element-bd26536 elementor-widget elementor-widget-text-editor\" data-id=\"bd26536\" data-element_type=\"widget\" data-widget_type=\"text-editor.default\">\n\t\t\t\t<div class=\"elementor-widget-container\">\n\t\t\t\t\t\t\t<p>Le choix de la musique ne doit pas \u00eatre fait au hasard. Selon le th\u00e8me de la vid\u00e9o, il faudra choisir une musique plut\u00f4t \u00e9mouvante ou au contraire tr\u00e8s dynamique.<br \/>Pour augmenter le potentiel viral de votre vid\u00e9o, nous recommandons d\u2019utiliser des musiques en tendances sur instagram ou tiktok.<br \/>Cependant, si vous souhaitez sponsoriser votre vid\u00e9o, il faudra alors choisir une musique libre de droit.<br \/><br \/>Nous tenons \u00e0 discuter de la musique avant la r\u00e9alisation du montage afin de garantir qu\u2019elle soit parfaitement adapt\u00e9e \u00e0 l\u2019ambiance et au message que vous souhaitez transmettre dans votre vid\u00e9o.<\/p>\t\t\t\t\t\t<\/div>\n\t\t\t\t<\/div>\n\t\t\t\t<\/div>\n\t\t\t\t<\/div>\n\t\t<div class=\"elementor-element elementor-element-68eb8d8 e-con-full e-flex e-con e-parent\" data-id=\"68eb8d8\" data-element_type=\"container\" data-settings=\"{&quot;background_background&quot;:&quot;classic&quot;}\">\n\t\t\t\t<\/div>\n\t\t<div class=\"elementor-element elementor-element-4e8b895 e-con-full e-flex e-con e-parent\" data-id=\"4e8b895\" data-element_type=\"container\" data-settings=\"{&quot;background_background&quot;:&quot;classic&quot;}\">\n\t\t\t\t<div class=\"elementor-element elementor-element-724f536 elementor-widget elementor-widget-text-editor\" data-id=\"724f536\" data-element_type=\"widget\" data-widget_type=\"text-editor.default\">\n\t\t\t\t<div class=\"elementor-widget-container\">\n\t\t\t\t\t\t\t<p>NOS D\u00c9LAIS DE PRODUCTION<\/p>\t\t\t\t\t\t<\/div>\n\t\t\t\t<\/div>\n\t\t\t\t<div class=\"elementor-element elementor-element-faaab2b elementor-widget elementor-widget-text-editor\" data-id=\"faaab2b\" data-element_type=\"widget\" data-widget_type=\"text-editor.default\">\n\t\t\t\t<div class=\"elementor-widget-container\">\n\t\t\t\t\t\t\t<p>Apr\u00e8s avoir tourn\u00e9 les diff\u00e9rents rush, il faut compter 2 semaines pour l\u2019assemblage des <br \/>s\u00e9quences vid\u00e9o, des transitions et de votre logo.<\/p>\t\t\t\t\t\t<\/div>\n\t\t\t\t<\/div>\n\t\t\t\t<div class=\"elementor-element elementor-element-8de4c41 elementor-align-center elementor-widget elementor-widget-button\" data-id=\"8de4c41\" data-element_type=\"widget\" data-widget_type=\"button.default\">\n\t\t\t\t<div class=\"elementor-widget-container\">\n\t\t\t\t\t<div class=\"elementor-button-wrapper\">\n\t\t\t<a class=\"elementor-button elementor-button-link elementor-size-sm\" href=\"#\">\n\t\t\t\t\t\t<span class=\"elementor-button-content-wrapper\">\n\t\t\t\t\t\t\t\t\t<span class=\"elementor-button-text\">CONTACTEZ-NOUS<\/span>\n\t\t\t\t\t<\/span>\n\t\t\t\t\t<\/a>\n\t\t<\/div>\n\t\t\t\t<\/div>\n\t\t\t\t<\/div>\n\t\t\t\t<\/div>\n\t\t\t\t<\/div>\n\t\t","protected":false},"excerpt":{"rendered":"<p>un Accompagnement tout au long de votre projet Nous sommes \u00e0 l\u2019\u00e9coute de vos id\u00e9es et de vos envies. Nous valorisons une approche collaborative o\u00f9 nous discutons de vos objectifs. Nous souhaitons r\u00e9aliser une vid\u00e9o qui concr\u00e9tise vos id\u00e9es et d\u00e9passe vos attentes, cr\u00e9ant ainsi du contenu vid\u00e9o qui vous distingue sur les r\u00e9seaux sociaux. [&hellip;]<\/p>\n","protected":false},"author":1,"featured_media":0,"parent":0,"menu_order":0,"comment_status":"closed","ping_status":"closed","template":"","meta":{"footnotes":""},"class_list":["post-119","page","type-page","status-publish","hentry"],"_links":{"self":[{"href":"https:\/\/indev.storyteller.lu\/index.php?rest_route=\/wp\/v2\/pages\/119","targetHints":{"allow":["GET"]}}],"collection":[{"href":"https:\/\/indev.storyteller.lu\/index.php?rest_route=\/wp\/v2\/pages"}],"about":[{"href":"https:\/\/indev.storyteller.lu\/index.php?rest_route=\/wp\/v2\/types\/page"}],"author":[{"embeddable":true,"href":"https:\/\/indev.storyteller.lu\/index.php?rest_route=\/wp\/v2\/users\/1"}],"replies":[{"embeddable":true,"href":"https:\/\/indev.storyteller.lu\/index.php?rest_route=%2Fwp%2Fv2%2Fcomments&post=119"}],"version-history":[{"count":13,"href":"https:\/\/indev.storyteller.lu\/index.php?rest_route=\/wp\/v2\/pages\/119\/revisions"}],"predecessor-version":[{"id":232,"href":"https:\/\/indev.storyteller.lu\/index.php?rest_route=\/wp\/v2\/pages\/119\/revisions\/232"}],"wp:attachment":[{"href":"https:\/\/indev.storyteller.lu\/index.php?rest_route=%2Fwp%2Fv2%2Fmedia&parent=119"}],"curies":[{"name":"wp","href":"https:\/\/api.w.org\/{rel}","templated":true}]}}